e -4*f = -4*i + 12 + 108, -34 = -i - m*f. Suppose -4*r + 3*q + i = -225, -r + 47 = -5*q. Is r composite?
False
Suppose -938 = -2*v - 148. Is v a composite number?
True
Suppose -2*i = -5*g - 9, -3*g - 3 = i - 2. Suppose 2*q - 107 = -3*y, -4*q - i*y + 152 = -66. Is q composite?
True
Let u be (-6)/(-4) + (-125)/50. Let x(c) = 919*c**2 - 3*c - 3. Is x(u) a prime number?
True
Let z(n) = -1049*n + 241. Is z(-32) composite?
False
Let j(r) = r**2 - 12*r + 7. Suppose -18 - 30 = -3*a. Is j(a) composite?
False
Suppose -v = -2*q + 635, -8 + 9 = -v. Is q a composite number?
False
Is (-3345125)/(-225) - 4/18 composite?
False
Suppose 331*k = 378*k - 869641. Is k a prime number?
True
Is (-110)/33 + 1005566/6 prime?
False
Let i = 1513 - 954. Is i a composite number?
True
Let u(y) = 1 + 6 + 1 - y - 2. Let a be u(4). Suppose 2*q + 1051 = 5*k - 2*q, 2 = a*q. Is k prime?
True
Suppose -1025 = -4*r + 5211. Is r prime?
True
Let z = -138 + 484. Is z composite?
True
Let l(h) = 3630*h**2 - 3*h + 4. Is l(-1) a composite number?
False
Let g = 406 - -4671. Is g composite?
False
Let w be -2 + -2 - 2384/8. Let m = 75 - w. Is m a composite number?
True
Let p = 2995 + -542. Is p a prime number?
False
Let w be -3 + -1 + 0/1. Let y(l) = 11*l**2 - 2*l - 6. Is y(w) composite?
True
Let j(l) = -459*l - 62. Is j(-21) a prime number?
False
Suppose -869 + 281 = -2*b. Let j(g) = g**3 - 27*g**2 + 32*g + 35. Let f be j(25). Let u = b - f. Is u composite?
False
Let l(u) = -u - 7. Let x(z) = z**2 - 6*z - 16. Let o be x(7). Let r be l(o). Suppose 5*i + 4*f = 87, 0*f + r*f = -3*i + 53. Is i a prime number?
True
Suppose 5*d - 1999 - 7371 = 0. Is d prime?
False
Let c = -15835 + 33356. Is c composite?
True
Let i(z) = 18*z - 23. Let g = 20 - 10. Is i(g) prime?
True
Let v = -77 + 83. Let p(u) = 106*u + 23. Is p(v) prime?
True
Suppose 185*v - 6297 = 182*v. Is v prime?
True
Suppose 3*y = 2*y - 5*f + 22, 0 = 4*f - 8. Let k(n) = n**3 - 11*n**2 + 5*n - 13. Is k(y) a composite number?
False
Suppose -72*u + 71*u = 4*b - 31466, -3*u = 5*b - 94377. Is u prime?
False
Let q(n) = 10*n + 3. Let s be q(7). Suppose s = -2*w + 291. Suppose -4*h + w + 199 = 0. Is h composite?
True
Is (0 + 1 + 2)*(-3385054)/(-174) a composite number?
False
Let f(b) be the second derivative of -b**4/6 + 3455*b**2/2 - 9*b. Is f(0) a composite number?
True
Let n(y) = -1129*y**3 - 3*y**2 + 3. Is n(-2) a prime number?
False
Let g = -20 + 56. Let t = -5 + g. Is t a composite number?
False
Let d = -261 + 268. Let y(q) = 14*q**2 - 8*q - 3 + 2*q + 6. Is y(d) a composite number?
False
Let d be 12/20 - (-171)/15. Suppose 7*c + 615 = d*c. Let z = c - 68. Is z a composite number?
True
Is (-5 - (-168)/35)*-27535 a composite number?
False
Suppose 0*h - 4*h = 4*w + 368, 0 = -3*h - 2*w - 280. Suppose -3*r + 654 = 4*i, -i + 4*r = -0*i - 173. Let d = i + h. Is d a prime number?
False
Suppose -2*m = -7789 - 865. Is m a prime number?
True
Let p = 15583 - -3680. Is p a prime number?
False
Let i(f) = -164*f - 5. Let b be i(-5). Suppose 8404 = 5*w + 4*s, -3*w = -3*s - 0*s - 5037. Let l = w - b. Is l a prime number?
False
Suppose -4*c = 2*m - 946, 491 = m - 3*c - c. Is m a composite number?
False
Let r(p) = 156*p**3 + 13*p**2 - 67*p - 1. Is r(4) a composite number?
False
Let o(i) = i**2 + 4*i - 7. Let l be o(-6). Let j = 5 - l. Suppose -3*r + 4*h = -j*h - 179, -r = -3*h - 68. Is r prime?
True
Suppose 4 = 4*m + 636. Let j = 811 + m. Is j composite?
False
Suppose -4*m + 9638 = -j, 2*m = 3*m + 2*j - 2414. Suppose -7*n = -5*n - m. Is n a composite number?
True
Let t(z) = 19*z**2 + 11*z - 25. Suppose -b - 81 = 4*w - 0*b, -5*b = 2*w + 45. Is t(w) a prime number?
False
Let h(z) be the third derivative of 1/8*z**4 - 1/12*z**5 + 0*z - 1/120*z**6 + 5/3*z**3 + 0 - 5*z**2. Is h(-9) a composite number?
False
Let y(i) = i**3 + 6*i**2 - 4. Let c = -10 + 10. Suppose c = -0*z - z + 5. Is y(z) prime?
True
Let r = 21 + -20. Suppose k = r + 2. Suppose -98 - 79 = -k*j. Is j prime?
True
Suppose 12 = 4*k, -2*g = -2*k - 103221 + 24087. Suppose 6*p + g = p. Is p/(-14) - (-14)/(-49) a composite number?
True
Suppose -8*l + t - 341 = -3*l, l + t = -73. Let v = l + -55. Let i = 75 - v. Is i a composite number?
False
Let s(k) = 29*k - 2 + k + 0*k + 13. Is s(8) composite?
False
Suppose -7*u + 6 = -8. Suppose 6*d = u*d + 1028. Is d a prime number?
True
Let a(m) = -m**3 + 3*m**2 + 4*m + 4. Let j be a(4). Suppose -j*f = -5*o - f + 1160, -5*f - 915 = -4*o. Is o a prime number?
False
Let x be (231/14)/(51/4556). Let i = -432 + -123. Let g = x + i. Is g a prime number?
True
Let c(l) = -5*l**2 - 7*l - 6. Let g be c(-1). Is g/(-10) + ((-2319)/(-15) - -2) a prime number?
True
Suppose i + 143 = 4*d, -d - 2*i + 3*i = -35. Suppose 40*b - 1420 = d*b. Is b prime?
False
Suppose -3*t + 4*t = 1. Let d(g) = 14*g**2 - 5*g + t - 2*g + 6*g. Is d(2) a composite number?
True
Suppose -5*u + 2*u = 96. Suppose 0 = 3*w + o + 286, 311 = -3*w + 4*o - 0*o. Let n = u - w. Is n prime?
False
Let a = -20 + 10. Let m(c) = 2*c**2 + 5*c + 11. Is m(a) composite?
True
Suppose 0 = 5*r - 3*q - 14, 4*q = -3*r + 7 + 13. Suppose -3*g + 3*p + 1021 = 2*p, -3*p = r*g - 1344. Is g composite?
True
Suppose 640 = 10*f - 9*f. Suppose 4*c + 258 = 2*d, 0*d - 5*d + 5*c = -f. Is d a prime number?
True
Let o(f) = 2*f + 2. Let k be o(1). Let n(d) = -6*d**3 + 2*d**2 + 2*d. Let b(w) = -7*w**3 + 2*w**2 + 2*w. Let m(l) = k*n(l) - 3*b(l). Is m(-3) a prime number?
False
Suppose h - 3 = -3*m, -h = 2*m - 5*m - 3. Let x be (-73)/(h - 4 - 0). Suppose x = -4*j + 701. Is j composite?
False
Let c = 63 + -58. Is -3 - -524 - (-1 + c) prime?
False
Suppose 0 = 20*h - 23*h + 39. Let z be (-2)/4 - (-7)/2. Suppose -43 = -z*l - h. Is l a composite number?
True
Suppose -4*a + 6 = v + a, 3*a = 2*v - 12. Suppose -v*m + 766 = -4*m. Let o = 880 - m. Is o a prime number?
False
Let w = -10 - -12. Let o be 0 + 60/(6/w). Suppose o - 59 = -z. Is z a composite number?
True
Let w(c) be the third derivative of 31*c**4/12 - c**3/2 + 4*c**2. Let s be w(2). Suppose -u - 6*t + 2*t = -s, -2*t - 6 = 0. Is u composite?
True
Suppose 35*n = 14*n + 555933. Is n composite?
True
Let p = 2018 + -1205. Suppose -3*s + 3*a = -1242, 0*s = 2*s + a - p. Is s prime?
True
Let d(c) = 53*c. Let h(i) = -2*i. Let o(k) = d(k) + 53*h(k). Let g(w) = -w**3 + 15*w**2 - 16*w + 27. Let u be g(14). Is o(u) a prime number?
True
Suppose 275 + 179 = a. Suppose -3*v + a = -677. Is v composite?
True
Suppose 5*a - 25 = 0, a = 4*o - 1374 - 1873. Is o composite?
True
Suppose 2 = 3*c - 4. Suppose -4*y = -c*x - 3198, 3*y = -4*x + 3*x + 2386. Is y prime?
True
Let o = 1003 - -504. Is o composite?
True
Let z(r) = 2*r + 20. Let a be z(-9). Suppose -590 = -3*n - a*n. Is n a prime number?
False
Let x(i) = 4 - 4 - 23*i. Suppose -4 = -2*t + 5*h, 2*t + 5*h = -2 - 14. Is x(t) composite?
True
Suppose 0 = -2*i + 4, 2*b + 2102 = -0*b + 5*i. Let k = b - -1965. Is k prime?
True
Suppose -63481 = 7*z - 23280. Let d = 8390 + z. Is d a composite number?
False
Let d = 0 + 4. Suppose q + d = -0, q + 198 = z. Suppose 0*a = -2*a + z. Is a a composite number?
False
Suppose -3*s + 3*u - 3 = 0, -25 - 1 = -4*s - 2*u. Suppose -1250 = -y - j, 2507 - 8784 = -5*y + s*j. Is y a prime number?
False
Suppose -2*f = -5*l - 2 + 7, -4*f = -2*l - 30. Let a = -5 + f. Suppose 78 = 2*q - 5*p, 0*p - 180 = -5*q + a*p. Is q a prime number?
False
Is -2 + ((-56)/12)/((-2)/1209) a composite number?
False
Let h be ((-210)/(-20))/((-1)/(-30)). Let v = h + -158. Is v a prime number?
True
Is (-902884)/(-36) + 80/(-72) composite?
True
Let g = -177768 + 255479. Is g prime?
True
Let g(s) = -s**3 + 5*s**2 - 17*s - 55. Is g(-22) composite?
True
Suppose -k = 5*k - 246. Let h = k + -37. Suppose 1335 = h*c + c. Is c prime?
False
Let t be (-1)/(-2)*-15*-102. Suppose -2*w = -w - t. Suppose 2*n - 303 = b, 5*n - 2*b - 2*b = w. Is n composite?
False
Let l = 47 - 41. Suppose -l*j - 1691 = -3*t - j, 5*j + 20 = 0. Is t prime?
True
Suppose -65 = -4*g - 4*l + 19, 0 = -4*l + 4. Is (-186)/(-4)*g/6 prime?
False
Suppose 5*c - 3364 = -8*q + 5*q, 3*q = -c + 680. Suppose -2*f + 4461 - c = 0. Is f a prime number?
False
Suppose j = 80 + 15. Suppose -8 = 4*s, 0 = q - 5*q + 2*s + 764. Let f = q - j. Is f a composite number?
True
Let u(f) = f**3 + 15*f**2 + 3*f + 8. Suppose 0 = 6*v - 4*v + 30. 